. Let l be d(9). Give v(l).
-5
Let n(c) = -c**3 - 4*c**2 - 2*c - 6. Let d(h) = 6*h + 32. Let j be d(-6). Determine n(j).
2
Let s(g) = g. Let d(n) = 16*n**3 - 6*n**2 + 21*n - 1. Let l(k) = -3*k**3 + k**2 - 4*k. Let v(y) = -2*d(y) - 11*l(y). Let x be v(-2). Determine s(x).
-6
Suppose 0 = 3*b - 4*m + 21, 0*b + 6 = b + 3*m. Suppose 5*k - 3*d = 19, 2*d + 16 = 2*k + 3*k. Let g(z) = k*z**2 - z**2 + 1 + 3 + z + 4*z. Calculate g(b).
-2
Let y be 1/2*22/33. Let t(w) be the first derivative of y*w**3 - 3 - 2*w**2 + w. Calculate t(3).
-2
Let k(n) be the third derivative of n**8/6720 - n**7/1260 - n**6/360 + n**5/40 - n**4/12 - 4*n**2. Let u(z) be the second derivative of k(z). What is u(2)?
-1
Let v(i) = -i + 1. Let l = -7 - -5. Let n be v(l). Let s(x) = x**2 - 3*x - 3. Determine s(n).
-3
Suppose -2*b = -3 - 19. Let f = -14 + b. Let s(p) = p**2 - 1 + 0 - 3*p - p**3 - 4*p**2. Calculate s(f).
8
Let t(h) = h**2 + 4*h. Let m be ((-2)/(-4))/(6/(-72)). Let d = 3 + m. Let o be t(d). Let s(n) = -n + 4. Give s(o).
7
Let h(n) = n**2 - 6*n - 3. Let a(o) = -o - 13. Let c be a(-11). Let s be 15*(-1)/6*c. Determine h(s).
-8
Let r(q) = -q - 1. Let y be (-3 + 3)/(1*2). Suppose 4*c - 14 = -u + 2*c, y = -5*u - 5*c + 45. Suppose 0 = -o - u*o - 25. Determine r(o).
4
Let d(p) = -p**3 - 5*p**2 + 2*p + 7. Let z(o) be the second derivative of o**3/2 + 2*o**2 - 6*o. Let m be z(-3). Calculate d(m).
-3
Suppose 0*u = 2*u - 8. Let g(a) = u - 5 + 2*a**2 - 7*a + 6*a. Let j(x) = x**2 + 6*x - 2. Let y be j(-6). Calculate g(y).
9
Let b be (3/5)/(7/35). Let n(q) = q**3 + 4*q**2 + q + 2*q**2 - 1 - b*q**2. Suppose -5 = -5*w - 5*g, 4*w + 3*g - 6 = -5. Give n(w).
1
Let a = 44 - 20. Suppose 0 = -3*h - 6 + a. Let i(j) = 5*j**2 - 4*j**2 + j - 5 - h*j. Give i(5).
-5
Let p(n) = -n. Let s(a) = -a**3 + 11*a**2 - 17*a - 8. Let v be s(9). Give p(v).
-1
Let h(o) = -o**2 + 2*o - 1. Let j(w) = w**3 - 2*w**2 - 2. Let s be j(3). Let q(a) = -a**2 - 10*a - 19. Let g be q(-6). Let r = s - g. What is h(r)?
-1
Suppose -7 - 8 = -3*l. Let y(m) = 2*m - 7. Let d(p) = 2*p. Let k(t) = -t - 1. Let i(f) = 2*d(f) + 3*k(f). Let x(v) = -7*i(v) + 4*y(v). Give x(l).
-2
Let j = 7 + 23. Suppose p + 4*p = j. Let m(v) = v - 11. What is m(p)?
-5
Let d(f) = -f - 7. Let y(t) = t**3 - 8*t**2 + 7*t - 10. Let a be y(7). Give d(a).
3
Suppose 7 = -2*w + 5, 3*w + 13 = -2*m. Let b(d) = -d**2 - 9*d - 7. Calculate b(m).
13
Suppose b - 27 = -5*l, 5*b + 0*l - 35 = -5*l. Let s be ((-6)/3)/b*-2. Let u(r) = -2*r**s - 5 + 4 - 2*r + r**2 - 3*r. Calculate u(-5).
-1
Let n(o) = -o - 1. Suppose 1 + 8 = -3*u. Let r(w) = w**3 + 2*w**2 - 2*w - 2. Let z be r(u). Determine n(z).
4
Let d(i) be the second derivative of i**5/60 + 5*i**4/24 + i**3/3 - 2*i**2 + 3*i. Let m(z) be the first derivative of d(z). Let r = 6 + -10. What is m(r)?
-2
Let j = 19 + -12. Let l = -10 + j. Let d(s) = -s - 1. Calculate d(l).
2
Let y(n) = 5*n**3 - 1. Suppose w = 4*h - w, 0 = 5*w - 10. Let t be y(h). Let q(v) = -v**3 + 5*v**2 - 5*v + 5. Give q(t).
1
Let f(b) = 11*b**3 - 12*b**2 - 23*b + 20. Let p(l) = -3*l + 3. Let c be p(2). Let j(u) = 4*u**3 - 4*u**2 - 8*u + 7. Let t(g) = c*f(g) + 8*j(g). Give t(5).
-4
Let r = -1 + 6. Let i be (-54)/10 + 2/r. Let f(n) = -n**2 - 4*n + 5. Calculate f(i).
0
Let a(k) = 8*k**3 - k**2 - k + 1. Suppose -p + 4*g = -9, 2*p + 1 = -5*g - 7. Determine a(p).
7
Let p(i) = i**3 + i. Let f(c) = -6*c**3 + 2*c**2 - 7*c - 2. Let z(d) = f(d) + 5*p(d). Let w(k) = k**2 + k - 1. Let r(u) = 2*w(u) + z(u). Determine r(4).
-4
Suppose -4*f = 92 + 748. Let r be f/(-56) + 1/4. Let v(h) = -h**2 + 4*h - 3. What is v(r)?
-3
Let q(v) = -v**3 + 1. Let c(o) be the third derivative of o**4/24 + 4*o**3/3 + 5*o**2. Let a be c(-9). Give q(a).
2
Suppose -5*d + 2*l = -3, -5*d - 3*l - 4 = 13. Let h(k) = -56*k**3 - k**2 - 3*k + 2*k + 117*k**3 - 51*k**3. Determine h(d).
-10
Let f = -1 - 1. Let b(z) = -z + 6. Let w(j) be the second derivative of j**3/3 - 6*j**2 - 3*j. Let y(x) = f*w(x) - 5*b(x). Determine y(4).
-2
Let b(p) be the second derivative of -p**4/12 - p**3/6 - 17*p**2/2 + 3*p. Determine b(0).
-17
Let v(k) = -k**2 + 3*k - 1. Let j(y) = y**2 - 3*y - 1. Let d be j(4). Suppose -2*z - 4 = 0, 3*o = -d*z - 4 + 13. Give v(o).
-11
Let y(w) be the first derivative of -2*w**2 + 3/2*w**3 + 3 + 1/12*w**4 + 0*w. Let x(v) be the second derivative of y(v). Give x(-6).
-3
Suppose -1 = -6*a + 5. Let v(l) = 15*l**3 + 2*l**2 - 1. Calculate v(a).
16
Let g = -18 + 14. Let j = g + -3. Let a(r) = -r**2 - 7*r - 3. Determine a(j).
-3
Let m(k) be the second derivative of -k**6/180 - k**5/60 - k**4/8 + k**3 + k. Let s(c) be the second derivative of m(c). Calculate s(-2).
-7
Let m(c) = -c**2 - 6*c + 2. Let k(j) = j**3 + 4*j**2 - 5*j - 6. Let v be k(-4). Suppose -3*h - v = 1. Determine m(h).
7
Let a(z) = 7*z**2 - z**3 - 2*z**2 + z - 2 - 3*z. Determine a(2).
6
Let z(g) = -g**3 + 5*g**2 - 2*g + 3. Let w = 88 + -83. What is z(w)?
-7
Let c(x) be the second derivative of 2*x**3/3 + x**2 - 16*x. What is c(-6)?
-22
Let n(b) be the first derivative of 0*b + 1/30*b**5 + 1 + 1/2*b**3 - 1/120*b**6 + b**2 - 1/12*b**4. Let t(g) be the second derivative of n(g). Calculate t(2).
-1
Suppose 0 = -3*i + 5*o - 16, -2*i - 2*o + 3*o + 1 = 0. Suppose -i*q = 4 - 1. Let n(p) be the third derivative of -7*p**4/24 - p**3/6 + p**2. Give n(q).
6
Let j(w) = w**2 + 0 + 0. Let h(f) = -f**2 + 9*f + 13. Let c be h(10). Suppose 3 - 1 = 4*p - 2*t, 9 = -c*p - 2*t. What is j(p)?
1
Let y(o) = o**2 + 10*o - 2. Let q(d) = d**3 + 4*d**2 - 12*d - 6. Let w be q(-6). Give y(w).
-26
Let v(z) be the second derivative of z**3/6 - 12*z. Suppose 0 = -2*o - 0*o. Suppose o = -n - a + 3, 3*a + 11 = 4*n + 6*a. Give v(n).
2
Let j(l) = -7*l + 1. Let d be j(1). Let r be 15/d*2*-1. Let o(q) = q**2 - 3*q - 7. What is o(r)?
3
Suppose 5*n + 0 = -4*i - 5, 2*i - n - 1 = 0. Let b(c) = i - 3*c + 0*c + 6. Suppose -4 = -5*j + 16. What is b(j)?
-6
Let y(o) = o**3 - 2*o**2 + 1. Let b be (-3 - -3)*(-1)/2. Let f = 9 - 5. Suppose -2*k = -f*a, -3*k = -b*a - a - 10. Give y(a).
1
Let v(o) = 2*o - 11 + 14 + 0*o + 0*o. Calculate v(5).
13
Let m(w) = -5*w - 1 + 70*w**2 - 1 - 72*w**2. Suppose -4*g + 3*r = 6, -15 = 3*g - r + 4*r. Give m(g).
-5
Suppose 0 = -4*p - 4*d + 12, 5*p - 4*d - 4 = p. Let g(f) be the third derivative of -f**6/60 + f**5/15 - f**4/6 + f**3/3 - 7*f**2. Calculate g(p).
-6
Let d = 2 + 2. Suppose b + 28 = h - 2*b, 0 = -d*h + 2*b + 142. Let y(m) = m - 37 + h. Determine y(6).
6
Let s = 19 + -16. Let n(t) = t**3 - t**2 - 5*t + 4. Give n(s).
7
Suppose -9 - 21 = -5*l. Let r be ((-8)/(-6))/(l/(-18)). Let n(i) = -6 - 6*i + 2*i + 3*i. Calculate n(r).
-2
Let j(g) be the second derivative of g**3/6 - g**2/2 + g. Let k be j(-2). Let p = k - 2. Let x(q) = -q**2 - 4*q + 4. What is x(p)?
-1
Let j be (-3 + -2 + 4)*1. Let d(x) = 9*x**2 - 1 + 0*x**2 - 2*x - 12*x**2 + 11*x**2. What is d(j)?
9
Let y(i) = -i**3 - 9*i**2 - i - 6. Let p be y(-9). Let v(b) = 7 + 0*b + 4*b - p*b**2 - 9 + b**2. Give v(3).
-8
Let i(c) = 22*c - 3. Let y(o) = -7*o + 1. Let q(n) = 2*i(n) + 7*y(n). Calculate q(-1).
6
Let f(o) be the third derivative of o**8/6720 + o**7/1260 - o**6/144 - o**5/60 - o**4/6 + 7*o**2. Let n(x) be the second derivative of f(x). What is n(-3)?
4
Let r(u) = -2*u + 1. Suppose 3*d - 9 = -6. Let s(a) = -a. Let j(z) = d*r(z) - s(z). What is j(0)?
1
Let b(j) = -7*j. Suppose 0 = 3*v - v + i + 6, -3*v - 9 = -i. Let z be (-3)/(-9) + 1/v. Let q = z + -1. Determine b(q).
7
Let k(q) = -2*q + 2. Let f(s) = s**2 + 3. Let y be f(0). Let h(v) = v**2 + 17*v + 43. Let r be h(-14). Suppose c + r = -y. What is k(c)?
10
Suppose 4*x + 4 = -0*x. Let y(u) = 3 - 3 - 3*u**2 - u**3 + 1. Give y(x).
-1
Suppose 39 = -5*f + 4*f. Let q be (-6)/f + 41/(-13). Let i(p) = 10*p**2 - 28*p. Let g(l) = 3*l**2 - 9*l. Let o(n) = -16*g(n) + 5*i(n). Determine o(q).
6
Let n be ((-4)/(-2))/(6/15). Suppose 0 = -2*u + n + 3. Suppose p = -1 - u. Let c(h) = -h**3 - 5*h**2 - h - 7. What is c(p)?
-2
Let m(f) = 4*f**2 - 5*f. Let i(n) = 4*n**2 - 6*n. Let t(b) = 4*i(b) - 5*m(b). Suppose 20 = 4*d + d. Suppose -4*h = -3*h - 2*v + 7, 20 = 4*h + d*v. Give t(h).
-3
Let s(t) = 2*t**2 - t + 4. Let u(f) = 5*f**2 - 4*f + 13. Suppose -4*p - 13 = 19. Let j(l) = p*s(l) + 3*u(l). What is j(-5)?
2
Let c(u) = -2*u**2 - 9*u - 6. Let j = 47 + -53. What is